etermine a(-2).
1
Let f(o) = 49*o + 236. Determine f(-5).
-9
Let h(x) = 6*x**2 + 152*x + 55. Determine h(-25).
5
Let t(y) = 50*y - 3. Determine t(-1).
-53
Let i(r) = r**2 + 7*r - 7. Calculate i(-6).
-13
Let q(x) = 18*x - 17. What is q(-10)?
-197
Let c(g) = 19*g - 17. Calculate c(-3).
-74
Let d(g) = -g**3 - 2*g**2 + 2*g - 8. Determine d(4).
-96
Let g(c) = c**2 + 3*c + 5. What is g(-2)?
3
Let a(j) = j**2 + 2*j - 2. Determine a(-4).
6
Let j(x) = -x**3 - 9*x**2 - 6*x + 6. Determine j(-8).
-10
Let a(o) = 7*o**3 + 5*o - 6. What is a(2)?
60
Let d(g) = -2*g**3 + 3*g**2 + 2*g - 2. What is d(-2)?
22
Let y(u) = u**3 - 14*u**2 + 9*u + 16. Give y(13).
-36
Let c(b) = 6*b**2 + 3*b - 3. Give c(1).
6
Let u(f) = -f - 8. Give u(-17).
9
Let c(d) = d**2 + 4*d + 7. Determine c(0).
7
Let x(f) = 2*f**2 + 12*f + 10. Give x(-2).
-6
Let c(d) = 2*d + 9. What is c(-5)?
-1
Let t(p) = -2*p**2 + 20*p - 1. Calculate t(10).
-1
Let v(l) = -2*l**2 + 9*l - 13. Determine v(4).
-9
Let n(q) = -q**3 - 18*q**2 + 31. Determine n(-18).
31
Let l(s) = -s + 9. Calculate l(-4).
13
Let n(w) = 31*w - 22. Give n(1).
9
Let g(w) = 4*w - 113. Calculate g(14).
-57
Let l(r) = -r**3 + 4*r**2 + 12. Give l(5).
-13
Let y(u) = 2*u**3 - 4*u**2 - 2*u + 2. Determine y(3).
14
Let a(b) = -b + 38. What is a(12)?
26
Let h(w) = w + 1. What is h(3)?
4
Let k(y) = -3*y - 10. What is k(-5)?
5
Let q(j) = j**3 + 17*j**2 - 19*j - 8. Calculate q(-18).
10
Let j(g) = 2*g. Determine j(-3).
-6
Let p(a) = a**3 - a**2 - a - 9. Give p(0).
-9
Let o(w) = -w**2 + 3*w - 2. Determine o(0).
-2
Let i(y) = -y**2 - 44*y - 36. Determine i(-43).
7
Let p(n) = -2*n**3 - 20*n**2 + 3*n + 26. Calculate p(-10).
-4
Let s(a) = 12*a + 5. Give s(5).
65
Let x(p) = p + 1. Determine x(11).
12
Let f(n) = -5*n - 14. Determine f(-5).
11
Let u(f) = 202*f - 406. Calculate u(2).
-2
Let m(c) = 3*c**3 - 2*c**2 + 1. Determine m(2).
17
Let h(g) = -g**2 + g + 3. Give h(3).
-3
Let g(y) = 3*y**3 + 20*y**2 - 7*y + 6. Determine g(-7).
6
Let b(p) = -p**3 + 7*p**2 + 8*p + 7. Calculate b(8).
7
Let h(s) = -2*s - 43. Give h(-20).
-3
Let z(j) = -8*j**2 + j - 2. Calculate z(1).
-9
Let b(x) = -13*x**3 - 4*x - 4. What is b(-1)?
13
Let j(b) = 2*b + 5. Give j(-2).
1
Let p(q) = 17*q. What is p(1)?
17
Let j(r) = 2*r - 22. Give j(12).
2
Let b(i) = -i**2 + 3*i + 1. Give b(6).
-17
Let a(h) = -h - 4. What is a(-7)?
3
Let o(s) = -s**3 + 4*s**2 + 8*s - 17. What is o(5)?
-2
Let c(j) = -6*j + 3. Give c(6).
-33
Let j(f) = 3*f**3 + f**2 + 3*f - 2. Give j(-3).
-83
Let z(r) = -r**3 - 10*r**2 - 24*r - 13. What is z(-7)?
8
Let u(x) = x**2 - 4*x + 6. Determine u(4).
6
Let p(c) = -2*c + 6. Calculate p(0).
6
Let m(o) = -o**3 - 4*o**2 - 5*o + 2. What is m(-2)?
4
Let l(p) = -p**3 + 9*p**2 + 2*p - 10. Calculate l(9).
8
Let d(v) = -4*v**2 + 2*v + 3. Calculate d(2).
-9
Let s(l) = -2*l - 15. Calculate s(-8).
1
Let x(w) = -11*w - 4. Determine x(-2).
18
Let a(q) = -q**3 - 51*q**2 - 48*q + 100. Determine a(-50).
0
Let l(u) = -3*u - 8. What is l(-5)?
7
Let p(c) = 3*c**2 + 20*c + 1. Determine p(-6).
-11
Let f(b) = -b**2 + 7*b - 7. Give f(7).
-7
Let l(o) = -o**2 - 17*o - 20. What is l(-16)?
-4
Let s(q) = -10*q - 3. Give s(-7).
67
Let h(i) = i**3 + 31*i**2 + 113*i + 141. Give h(-27).
6
Let a(l) = -l**3 - 12*l**2 - 41*l - 27. What is a(-6)?
3
Let s(y) = 4*y + 4. Determine s(-5).
-16
Let v(w) = 37*w - 294. Give v(8).
2
Let i(l) = l**3 + 6*l**2 + 4*l - 1. What is i(-5)?
4
Let r(v) = -v**2 + 9*v + 1. What is r(8)?
9
Let r(o) = o**2 + 7*o + 4. Give r(-3).
-8
Let u(q) = 2*q**3 - 11*q**2 + 12*q - 8. Determine u(4).
-8
Let s(j) = -5*j + 13. Give s(2).
3
Let k(o) = 3*o**2 + 33*o + 21. Give k(-10).
-9
Let a(i) = i**3 - 9*i**2 + 19*i - 14. Calculate a(6).
-8
Let d(y) = -2*y - 8. Determine d(-7).
6
Let v(s) = -5*s + 85. Give v(19).
-10
Let b(s) = s**3 + 35*s**2 + 66*s - 34. What is b(-33)?
-34
Let d(c) = c**2 + 5*c + 4. Determine d(-4).
0
Let x(a) = a**2 + 5*a - 1. What is x(-2)?
-7
Let k(y) = y + 11. Determine k(-8).
3
Let z(v) = -v**3 + 9*v**2 - 10*v + 3. Give z(8).
-13
Let h(o) = 8*o - 34. Calculate h(5).
6
Let a(p) = -p**3 + 21*p**2 - 18*p - 28. Calculate a(20).
12
Let n(a) = 2*a**2 + 5*a - 5. Give n(-5).
20
Let i(a) = 13*a - 2. Determine i(0).
-2
Let u(b) = -2*b + 9. What is u(4)?
1
Let b(c) = c**3 - 8*c**2 + 7*c - 7. Give b(4).
-43
Let w(q) = -q - 29. Determine w(-9).
-20
Let w(a) = -2*a**2 + 5*a - 5. What is w(5)?
-30
Let w(o) = -o**2 + 13*o - 5. Determine w(8).
35
Let x(z) = -z**3 + 2*z**2 + 6*z - 4. Calculate x(4).
-12
Let l(w) = w**2 + 11*w + 14. Give l(-10).
4
Let p(y) = -y**2 - 15*y + 21. Determine p(-13).
47
Let d(b) = b**3 - 16*b**2 + 2*b - 32. Determine d(16).
0
Let s(q) = -2*q**2 - 5*q - 8. Give s(-4).
-20
Let r(b) = -b**3 + b**2 - 4*b + 12. Determine r(0).
12
Let p(w) = 4*w - 11. Determine p(6).
13
Let z(t) = 26*t - 474. Determine z(18).
-6
Let n(c) = c**2 + 13*c + 14. Determine n(-12).
2
Let i(y) = 4*y - 53. Determine i(14).
3
Let o(g) = g**2 - 3*g + 7. What is o(6)?
25
Let v(k) = k**3 - 9*k**2 + 2*k. Calculate v(6).
-96
Let z(p) = p**2 + 33*p + 216. Calculate z(-23).
-14
Let y(i) = 12*i - 203. What is y(16)?
-11
Let x(h) = -h**2 + 7*h - 18. Give x(6).
-12
Let d(n) = 8*n**3 + 3*n. What is d(2)?
70
Let t(h) = 3*h - 12. What is t(3)?
-3
Let g(z) = 6*z - 65. What is g(11)?
1
Let b(x) = -x**3 - 11*x**2 + 37*x + 69. Calculate b(-13).
-74
Let l(u) = 2*u**2 + 36*u - 24. What is l(-19)?
14
Let o(w) = w - 19. Determine o(13).
-6
Let a(y) = -y**2 - 4*y + 116. Determine a(9).
-1
Let o(n) = 2*n + 6. Calculate o(-5).
-4
Let d(p) = -p**3 + 4*p**2 - 1. What is d(4)?
-1
Let t(n) = 15*n**2 - 2*n - 3. Calculate t(-1).
14
Let k(z) = z**2 - 11*z + 36. Calculate k(11).
36
Let r(j) = -2*j**2 - 10*j + 11. Determine r(-6).
-1
Let r(b) = -b**3 - 7*b**2 - 10*b + 10. Determine r(-5).
10
Let x(q) = -q**2 - 13*q + 2. Calculate x(-9).
38
Let u(x) = x**3 - 4*x**2 + 2*x - 4. Calculate u(3).
-7
Let a(j) = 30*j**2 + 1. What is a(1)?
31
Let l(c) = -c**2 - 14*c - 37. Give l(-11).
-4
Let w(k) = -k**3 + 36*k**2 + 77*k - 33. Determine w(38).
5
Let i(c) = -5*c + 105. Determine i(0).
105
Let s(o) = -8*o + 6. Calculate s(5).
-34
Let t(s) = -s - 1. Determine t(2).
-3
Let r(x) = -x**3 + x**2 + x. Give r(-3).
33
Let g(d) = -d**3 + 6*d + 1. Give g(3).
-8
Let g(b) = b**3 - 6*b**2 + 4*b - 3. Give g(2).
-11
Let y(a) = 5*a**3 - 3*a**2 + 4*a - 3. Give y(2).
33
Let q(u) = u**3 - 2*u**2 - 4*u + 7. Give q(3).
4
Let g(p) = 3*p**2 - 34*p + 18. Calculate g(11).
7
Let c(j) = j**2 + j - 2. Calculate c(3).
10
Let n(i) = i**2 + 4*i - 28. What is n(-8)?
4
Let z(p) = 3*p**2 - 56*p + 39. Calculate z(18).
3
Let x(s) = s**3 + 6*s**2 - 7*s + 8. Determine x(-7).
8
Let p(j) = -j**2 - 36*j - 31. Calculate p(-31).
124
Let v(d) = -d**2 - 8*d - 12. Give v(-8).
-12
Let x(o) = 7*o - 35. Calculate x(23).
126
Let r(i) = 88*i - 444. Give r(5).
-4
Let r(b) = b**3 + 18*b**2 - 21*b - 43. Give r(-19).
-5
Let r(n) = n**2 - 3*n - 3. Determine r(-1).
1
Let m(w) = -w**2 - 30*w + 26. What is m(-33)?
-73
Let f(c) = 2*c**2 - 13*c + 19. What is f(4)?
-1
Let j(f) = -42*f - 590. Calculate j(-14).
-2
Let u(q) = 4*q**2 - 73*q + 20. Determine u(18).
2
Let y(a) = a**2 + a - 13. What is y(0)?
-13
Let z(s) = 23*s - 7. Give z(5).
108
Let p(s) = -3*s - 4. What is p(5)?
-19
Let o(l) = -3*l - 25. What is o(-11)?
8
Let j(h) = 2*h**2 + 36*h + 34. What is j(-17)?
0
Let s(g) = g**2 - 33*g + 59. Determine s(31).
-3
Let q(z) = -3*z**2 + 71*z - 37. What is q(23)?
9
Let c(n) = 2*n**2 + 8*n + 5. What is c(-5)?
15
Let d(q) = 33*q - 16. What is d(-3)?
-115
Let n(j) = 2*j + 2. Calculate n(-2).
-2
Let v(d) = d + 33. What is v(-10)?
23
Let w(l) = -l**3 - 17*l**2 + 19*l - 7. Determine w(-18).
-25
Let x(w) = 4*w - 22. What is x(5)?
-2
Let o(z) = 5*z - 12. Calculate o(6).
18
Let t(m) = -5*m + 20. Calculate t(4).
0
Let h(g) = -g**3 - 5*g**2 + 6. Determine h(-3).
-12
Let c(i) = -i**2 + 2*i + 1. Calculate c(0).
1
Let o(a) = -20*a - 3. Calculate o(-1).
17
Let n(z) = 44*z - 8. Calculate n(3).
124
Let a(k) = -3*k - 49. Determine a(-21).
14
Let t(x) = x**2 + 8*x - 7. Give t(-8).
-7
Let g(i) = 73*i**3 + 2*i**2 + i. What is g(-1)?
-72
Let y(r) = -2*r**2 + 12*r - 9. Calculate y(5).
1
Let a(x) = x**2 + 6*x - 12. Determine a(-7).
-5
Let r(s) = -2*s - 42. What is r(-24)?
6
Let g(c) = 8*c + 172. What is g(-24)?
-20
Let s(p) =